{"id":1107,"date":"2013-08-28T11:31:57","date_gmt":"2013-08-28T09:31:57","guid":{"rendered":"https:\/\/zwergkaninchen-dresden.de\/?page_id=1107"},"modified":"2024-04-23T21:50:20","modified_gmt":"2024-04-23T19:50:20","slug":"home-3","status":"publish","type":"page","link":"https:\/\/www.zwergkaninchen-dresden.de\/","title":{"rendered":"Home"},"content":{"rendered":"\n<h2 class=\"wp-block-heading\" id=\"natur-luxus\">Natur Luxus<\/h2>\n\n\n\n<p>Vor \u00fcber 15 Jahren habe ich mit meiner privaten Hobbyzucht begonnen, daraus ist nun eine kleine <em>Rassekaninchenzucht <\/em>mit zwischenzeitlich viel Erfahrung entstanden. Hier wird genau dokumentiert und \u00fcberlegt, wer miteinander verpaart wird.<\/p>\n\n\n\n<p><\/p>\n\n\n<div class=\"wp-block-image\">\n<figure class=\"alignright\"><img loading=\"lazy\" decoding=\"async\" width=\"150\" height=\"150\" src=\"https:\/\/zwergkaninchen-dresden.de\/wp-content\/uploads\/2011\/05\/2011.07.10-Hasis-136-150x150.jpg\" alt=\"\" class=\"wp-image-651\"\/><\/figure><\/div>\n\n\n<p>Ich z\u00fcchte kleinbleibende Farbenzwerge in den Farbzeichnungen: Holl\u00e4nder \u00a0gelb-wei\u00df, Holl\u00e4nder japanerfarbig und Holl\u00e4nder silber-wei\u00df, neu ab 2013 reinerbige kleinbleibende Zwerge in braun-loh und schwarz-loh. Die Zwerge leben ganzj\u00e4hrig in Au\u00dfenhaltung und haben Freilaufgehege f\u00fcr ausreichend Bewegung, wir Menschen w\u00fcrden sagen <strong>* eine Villa *<\/strong> f\u00fcr Hasen<\/p>\n\n\n\n<h3 class=\"wp-block-heading\" id=\"was-sind-farbenzwerge\">Was sind Farbenzwerge?<\/h3>\n\n\n\n<p>Farbenzwerge sind nicht anderes, als farbige Hermeline. Hermeline sind die Ursprungsrasse der Farbenzwerge, die mit dem Wildkaninchen gekreuzt wurden, erstmalig in den Niederlanden.<\/p>\n\n\n\n<p>Farbenzwerge gelb-wei\u00df mit Holl\u00e4nder Zeichnung werden sehr selten gez\u00fcchtet. Es mag daran liegen, dass die &#8222;perfekte&#8220; Zeichnung zu selten vererbt wird und das &#8222;Zuchtziel&#8220; dadurch schwer zu erreichen ist. Und genau das fasziniert mich, &nbsp;die Einzigartigkeit dieser Zeichnung die Schwierigkeit der Perfektion. <\/p>\n\n\n\n<p><em>Jeder Zwerg in seiner Unterschiedlichkeit ist faszinierend und einmalig.<\/em><\/p>\n\n\n\n<p>Schade dass, zu wenig Hobbyz\u00fcchter sich daran trauen, \u00a0denn die Erhaltung dieser sch\u00f6nen Farbzeichnung ist mein Ziel, sowie ein Gewicht zwischen 1100g &#8211; maximal 1350g und kurze Ohren bis maximal 5 cm L\u00e4nge.<\/p>\n\n\n\n<p>Wir stellen hohe Anforderungen an uns! Ich bin Mitglied im Rassekaninchen-Z\u00fcchterverein Radebeul S430 Elbl\u00f6ssnitz.<\/p>\n\n\n\n<h3 class=\"wp-block-heading\" id=\"urlaubsbetreuung\">Urlaubsbetreuung<\/h3>\n\n\n\n<p>Voraussetzung ist, dass die H\u00e4schen einmal j\u00e4hrlich geimpft sind. Bitte den aktuellen Impfpass mitbringen.<br>Gern betreuen wir ihre H\u00e4schen. Sie erhalten zwei bis drei mal t\u00e4glich frische Kost, Heu &amp; Streicheleinheiten, sowie t\u00e4glichen Auslauf im Freigehege.<br>Es ist empfehlenswert, die eigene H\u00e4schentoilette (falls vorhanden) und die eigene Trinkflasche mitzubringen.<\/p>\n\n\n\n<p>Sollten Ihre H\u00e4schen in dieser Zeit erkranken, werden wir alles m\u00f6gliche tun um den Kleinen zu helfen, sollte uns es in schwierigen F\u00e4llen nicht gelingen und ein Besuch beim Tierarzt wird notwendig, m\u00fcssen die Kosten von Ihnen \u00fcbernommen werden.<\/p>\n\n\n\n<p><br>Bitte reservieren sie bei Interesse rechtzeitig ihr Urlaubsquartier.<\/p>\n\n\n\n<h3 class=\"wp-block-heading\">&nbsp; &nbsp; &nbsp; &nbsp; &nbsp; &nbsp; &nbsp; &nbsp; &nbsp; &nbsp; &nbsp; &nbsp; &nbsp; <\/h3>\n\n\n\n<h2 class=\"wp-block-heading\" id=\"kontakt\">Kontakt<\/h2>\n\n\n\n<div class=\"wp-block-columns is-layout-flex wp-container-core-columns-is-layout-9d6595d7 wp-block-columns-is-layout-flex\">\n<div class=\"wp-block-column is-layout-flow wp-block-column-is-layout-flow\" style=\"flex-basis:100%\">\n<div class=\"wp-block-group\"><div class=\"wp-block-group__inner-container is-layout-flow wp-block-group-is-layout-flow\"><div class=\"wpforms-container wpforms-container-full wpforms-block wpforms-block-87667937-44b5-4d86-8e24-e057fd5e7285\" id=\"wpforms-2838\"><form id=\"wpforms-form-2838\" class=\"wpforms-validate wpforms-form wpforms-ajax-form\" data-formid=\"2838\" method=\"post\" enctype=\"multipart\/form-data\" action=\"\/index.php?rest_route=%2Fwp%2Fv2%2Fpages%2F1107\" data-token=\"cb96ba93796fe1abcd8ea8ca2a412e76\" data-token-time=\"1776860758\"><noscript class=\"wpforms-error-noscript\">Bitte aktiviere JavaScript in deinem Browser, um dieses Formular fertigzustellen.<\/noscript><div class=\"wpforms-field-container\"><div id=\"wpforms-2838-field_0-container\" class=\"wpforms-field wpforms-field-name\" data-field-id=\"0\"><label class=\"wpforms-field-label\">Name <span class=\"wpforms-required-label\">*<\/span><\/label><div class=\"wpforms-field-row wpforms-field-medium\"><div class=\"wpforms-field-row-block wpforms-first wpforms-one-half\"><input type=\"text\" id=\"wpforms-2838-field_0\" class=\"wpforms-field-name-first wpforms-field-required\" name=\"wpforms[fields][0][first]\" required><label for=\"wpforms-2838-field_0\" class=\"wpforms-field-sublabel after\">Vorname<\/label><\/div><div class=\"wpforms-field-row-block wpforms-one-half\"><input type=\"text\" id=\"wpforms-2838-field_0-last\" class=\"wpforms-field-name-last wpforms-field-required\" name=\"wpforms[fields][0][last]\" required><label for=\"wpforms-2838-field_0-last\" class=\"wpforms-field-sublabel after\">Nachname<\/label><\/div><\/div><\/div><div id=\"wpforms-2838-field_1-container\" class=\"wpforms-field wpforms-field-email\" data-field-id=\"1\"><label class=\"wpforms-field-label\" for=\"wpforms-2838-field_1\">Email <span class=\"wpforms-required-label\">*<\/span><\/label><input type=\"email\" id=\"wpforms-2838-field_1\" class=\"wpforms-field-medium wpforms-field-required\" name=\"wpforms[fields][1]\" spellcheck=\"false\" required><\/div><div id=\"wpforms-2838-field_2-container\" class=\"wpforms-field wpforms-field-textarea\" data-field-id=\"2\"><label class=\"wpforms-field-label\" for=\"wpforms-2838-field_2\">Nachricht <span class=\"wpforms-required-label\">*<\/span><\/label><textarea id=\"wpforms-2838-field_2\" class=\"wpforms-field-medium wpforms-field-required\" name=\"wpforms[fields][2]\" required><\/textarea><\/div><\/div><!-- .wpforms-field-container --><div class=\"wpforms-recaptcha-container wpforms-is-recaptcha wpforms-is-recaptcha-type-v3\" ><input type=\"hidden\" name=\"wpforms[recaptcha]\" value=\"\"><\/div><div class=\"wpforms-submit-container\" ><input type=\"hidden\" name=\"wpforms[id]\" value=\"2838\"><input type=\"hidden\" name=\"page_title\" value=\"\"><input type=\"hidden\" name=\"page_url\" value=\"https:\/\/www.zwergkaninchen-dresden.de\/index.php?rest_route=\/wp\/v2\/pages\/1107\"><input type=\"hidden\" name=\"url_referer\" value=\"\"><button type=\"submit\" name=\"wpforms[submit]\" id=\"wpforms-submit-2838\" class=\"wpforms-submit\" data-alt-text=\"Sending...\" data-submit-text=\"Submit\" aria-live=\"assertive\" value=\"wpforms-submit\">Submit<\/button><img loading=\"lazy\" decoding=\"async\" src=\"https:\/\/www.zwergkaninchen-dresden.de\/wp-content\/plugins\/wpforms-lite\/assets\/images\/submit-spin.svg\" class=\"wpforms-submit-spinner\" style=\"display: none;\" width=\"26\" height=\"26\" alt=\"Wird geladen\"><\/div><\/form><\/div>  <!-- .wpforms-container --><\/div><\/div>\n<\/div>\n<\/div>\n\n\n\n<h3 class=\"wp-block-heading\"><\/h3>\n\n\n\n<p><\/p>\n\n\n\n<figure class=\"wp-block-embed is-type-video is-provider-youtube wp-block-embed-youtube wp-embed-aspect-16-9 wp-has-aspect-ratio\"><div class=\"wp-block-embed__wrapper\">\n<iframe loading=\"lazy\" title=\"Wurf vom 13.02.2020 von Alice\" width=\"500\" height=\"281\" src=\"https:\/\/www.youtube.com\/embed\/9mGcNZMjQ2U?feature=oembed\" frameborder=\"0\" allow=\"accelerometer; autoplay; clipboard-write; encrypted-media; gyroscope; picture-in-picture; web-share\" referrerpolicy=\"strict-origin-when-cross-origin\" allowfullscreen><\/iframe>\n<\/div><\/figure>\n\n\n\n<p><\/p>\n","protected":false},"excerpt":{"rendered":"<p>Natur Luxus Vor \u00fcber 15 Jahren habe ich mit meiner privaten Hobbyzucht begonnen, daraus ist nun eine kleine Rassekaninchenzucht mit zwischenzeitlich viel Erfahrung entstanden. Hier wird genau dokumentiert und \u00fcberlegt, wer miteinander verpaart wird. Ich z\u00fcchte kleinbleibende Farbenzwerge in den Farbzeichnungen: Holl\u00e4nder \u00a0gelb-wei\u00df, Holl\u00e4nder japanerfarbig und Holl\u00e4nder silber-wei\u00df, neu ab 2013 reinerbige kleinbleibende Zwerge in [&hellip;]<\/p>\n","protected":false},"author":2,"featured_media":0,"parent":0,"menu_order":1,"comment_status":"closed","ping_status":"open","template":"","meta":{"footnotes":""},"class_list":["post-1107","page","type-page","status-publish","hentry"],"_links":{"self":[{"href":"https:\/\/www.zwergkaninchen-dresden.de\/index.php?rest_route=\/wp\/v2\/pages\/1107","targetHints":{"allow":["GET"]}}],"collection":[{"href":"https:\/\/www.zwergkaninchen-dresden.de\/index.php?rest_route=\/wp\/v2\/pages"}],"about":[{"href":"https:\/\/www.zwergkaninchen-dresden.de\/index.php?rest_route=\/wp\/v2\/types\/page"}],"author":[{"embeddable":true,"href":"https:\/\/www.zwergkaninchen-dresden.de\/index.php?rest_route=\/wp\/v2\/users\/2"}],"replies":[{"embeddable":true,"href":"https:\/\/www.zwergkaninchen-dresden.de\/index.php?rest_route=%2Fwp%2Fv2%2Fcomments&post=1107"}],"version-history":[{"count":76,"href":"https:\/\/www.zwergkaninchen-dresden.de\/index.php?rest_route=\/wp\/v2\/pages\/1107\/revisions"}],"predecessor-version":[{"id":3243,"href":"https:\/\/www.zwergkaninchen-dresden.de\/index.php?rest_route=\/wp\/v2\/pages\/1107\/revisions\/3243"}],"wp:attachment":[{"href":"https:\/\/www.zwergkaninchen-dresden.de\/index.php?rest_route=%2Fwp%2Fv2%2Fmedia&parent=1107"}],"curies":[{"name":"wp","href":"https:\/\/api.w.org\/{rel}","templated":true}]}}